e remainder when 563484 is divided by 1378?
1260
What is the remainder when 722001 is divided by 837?
507
Calculate the remainder when 17182 is divided by 4952.
2326
Calculate the remainder when 47027 is divided by 734.
51
Calculate the remainder when 20034 is divided by 2255.
1994
Calculate the remainder when 6384 is divided by 2261.
1862
Calculate the remainder when 1015433 is divided by 74.
5
Calculate the remainder when 3972722 is divided by 72.
50
What is the remainder when 550076 is divided by 183358?
2
Calculate the remainder when 3889603 is divided by 317.
13
What is the remainder when 246458 is divided by 1010?
18
Calculate the remainder when 161974 is divided by 3175.
49
Calculate the remainder when 191936 is divided by 9102.
794
Calculate the remainder when 59810 is divided by 14929.
94
Calculate the remainder when 3297599 is divided by 824377.
91
What is the remainder when 70750498 is divided by 1010?
1008
Calculate the remainder when 12038602 is divided by 1203858.
22
What is the remainder when 15664012 is divided by 6743?
23
Calculate the remainder when 18073 is divided by 5762.
787
Calculate the remainder when 21226736 is divided by 371.
342
What is the remainder when 274149 is divided by 10?
9
What is the remainder when 215333 is divided by 30?
23
What is the remainder when 759093 is divided by 655?
603
Calculate the remainder when 13867184 is divided by 1155597.
20
What is the remainder when 16452 is divided by 5461?
69
Calculate the remainder when 15019000 is divided by 1694.
1690
What is the remainder when 573073 is divided by 59?
6
What is the remainder when 26081 is divided by 8140?
1661
Calculate the remainder when 595564 is divided by 1972.
20
Calculate the remainder when 17156136 is divided by 430.
426
What is the remainder when 875855 is divided by 67342?
409
Calculate the remainder when 131417 is divided by 16418.
73
What is the remainder when 30502856 is divided by 13?
7
Calculate the remainder when 20030211 is divided by 20030191.
20
What is the remainder when 55887789 is divided by 1892?
1
What is the remainder when 7010447 is divided by 790?
777
Calculate the remainder when 2190315 is divided by 2419.
1120
Calculate the remainder when 5146375 is divided by 9548.
3
Calculate the remainder when 284941 is divided by 47454.
217
Calculate the remainder when 693226 is divided by 1810.
1806
What is the remainder when 160100 is divided by 1493?
349
Calculate the remainder when 6523304 is divided by 65891.
95
What is the remainder when 9395273 is divided by 33?
8
Calculate the remainder when 2482995 is divided by 139.
38
What is the remainder when 4716 is divided by 4180?
536
Calculate the remainder when 59739 is divided by 749.
568
What is the remainder when 8665809 is divided by 1091?
1087
What is the remainder when 8357238 is divided by 527?
72
Calculate the remainder when 6414844 is divided by 916404.
16
Calculate the remainder when 1328397 is divided by 615.
612
What is the remainder when 626737527 is divided by 3170?
3167
Calculate the remainder when 211349 is divided by 105413.
523
Calculate the remainder when 3935145 is divided by 1306.
167
Calculate the remainder when 75514 is divided by 389.
48
Calculate the remainder when 251126 is divided by 233.
185
What is the remainder when 2040814 is divided by 2117?
26
What is the remainder when 264043 is divided by 47?
44
Calculate the remainder when 108989 is divided by 1185.
1154
Calculate the remainder when 211503177 is divided by 71.
70
What is the remainder when 36396609 is divided by 88?
73
Calculate the remainder when 93761614 is divided by 376.
374
Calculate the remainder when 379504 is divided by 94859.
68
Calculate the remainder when 1389104 is divided by 4274.
54
Calculate the remainder when 1410 is divided by 810.
600
What is the remainder when 195046 is divided by 504?
502
What is the remainder when 418194 is divided by 16080?
114
Calculate the remainder when 28787606 is divided by 76.
22
Calculate the remainder when 228138 is divided by 571.
309
What is the remainder when 1812691 is divided by 1812625?
66
What is the remainder when 15175212 is divided by 3333?
63
Calculate the remainder when 702035 is divided by 136.
3
Calculate the remainder when 74977846 is divided by 139.
134
What is the remainder when 574172605 is divided by 2833?
2829
Calculate the remainder when 163205 is divided by 283.
197
Calculate the remainder when 71960 is divided by 580.
40
What is the remainder when 51524717 is divided by 182?
153
Calculate the remainder when 5026966 is divided by 1506.
1444
What is the remainder when 140162 is divided by 1002?
884
What is the remainder when 2135131 is divided by 1751?
662
What is the remainder when 35546 is divided by 2755?
2486
What is the remainder when 48776 is divided by 24144?
488
Calculate the remainder when 43877762 is divided by 10.
2
What is the remainder when 1037367 is divided by 30?
27
Calculate the remainder when 26113 is divided by 8238.
1399
What is the remainder when 36018565 is divided by 1652?
9
What is the remainder when 6834320 is divided by 52?
12
Calculate the remainder when 1054357 is divided by 29.
4
What is the remainder when 103119 is divided by 1043?
905
What is the remainder when 4068695 is divided by 1264?
1143
What is the remainder when 99671 is divided by 1217?
1094
Calculate the remainder when 60905 is divided by 14861.
1461
Calculate the remainder when 209175 is divided by 177.
138
What is the remainder when 30394023 is divided by 10131339?
6
What is the remainder when 1472622 is divided by 184076?
14
Calculate the remainder when 2527910 is divided by 17.
10
What is the remainder when 6376541 is divided by 2925?
41
What is the remainder when 302603 is divided by 60312?
1043
What is the remainder when 4934576 is divided by 372?
368
Calculate the remainder when 892345 is divided by 16523.
103
Calculate the remainder when 13980 is divided by 1073.
31
What is the remainder when 1295731 is divided by 161949?
139
What is the remainder when 11403 is divided by 1030?
73
What is the remainder when 54234443 is divided by 90?
83
Calculate the remainder when 1309950 is divided by 28.
26
What is the remainder when 437876877 is divided by 2?
1
What is the remainder when 224204 is divided by 201?
89
Calculate the remainder when 1430431 is divided by 665.
16
What is the remainder when 18503548 is divided by 585?
583
What is the remainder when 3472137 is divided by 9?
0
Calculate the remainder when 11816053 is divided by 11815998.
55
Calculate the remainder when 124681 is divided by 124672.
9
Calculate the remainder when 249960380 is divided by 136.
132
Calculate the remainder when 7179350 is divided by 3409.
3405
What is the remainder when 9156271 is divided by 5101?
5077
What is the remainder when 1157193 is divided by 656?
9
Calculate the remainder when 1188308 is divided by 804.
800
What is the remainder when 1798794 is divided by 48605?
409
Calculate the remainder when 1502560 is divided by 7.
3
What is the remainder when 6661503 is divided by 2272?
2271
What is the remainder when 1120797 is divided by 22?
7
What is the remainder when 127065 is divided by 31757?
37
Calculate the remainder when 1319433 is divided by 153.
114
What is the remainder when 135180 is divided by 786?
774
Calculate the remainder when 357277687 is divided by 154.
151
Calculate the remainder when 1126886 is divided by 84.
26
Calculate the remainder when 27201 is divided by 1753.
906
Calculate the remainder when 88578 is divided by 626.
312
What is the remainder when 793832 is divided by 2825?
7
What is the remainder when 1324975 is divided by 16355?
220
What is the remainder when 1966165 is divided by 123?
10
What is the remainder when 17904429 is divided by 5968143?
0
What is the remainder when 18318163 is divided by 194874?
7
What is the remainder when 1375457 is divided by 20227?
21
What is the remainder when 7293361 is divided by 68?
21
What is the remainder when 2269090 is divided by 206?
0
Calculate the remainder when 37773844 is divided by 1562.
1560
What is the remainder when 2618267 is divided by 661?
46
What is the remainder when 13399599 is divided by 9?
3
Calculate the remainder when 348329 is divided by 69406.
1299
Calculate the rem